multiple of 17?
False
Is 384 a multiple of 32?
True
Does 36 divide 3000?
False
Is 62 a factor of 3811?
False
Is 86 a factor of 430?
True
Is 2820 a multiple of 10?
True
Does 119 divide 14145?
False
Does 15 divide 25308?
False
Does 52 divide 6064?
False
Is 11 a factor of 24035?
True
Is 5099 a multiple of 11?
False
Is 15 a factor of 40125?
True
Does 18 divide 611?
False
Does 61 divide 28609?
True
Is 21315 a multiple of 49?
True
Does 16 divide 1312?
True
Does 22 divide 6269?
False
Does 99 divide 1188?
True
Does 2 divide 549?
False
Does 26 divide 182?
True
Is 46 a factor of 19088?
False
Is 7 a factor of 170?
False
Is 22 a factor of 109?
False
Is 14 a multiple of 3?
False
Is 252 a multiple of 4?
True
Does 261 divide 30929?
False
Is 14 a factor of 2116?
False
Does 237 divide 29388?
True
Is 502 a multiple of 27?
False
Is 42486 a multiple of 97?
True
Is 8 a factor of 1192?
True
Is 14 a factor of 1372?
True
Is 13 a factor of 3016?
True
Is 3 a factor of 26?
False
Does 28 divide 25537?
False
Is 12 a factor of 19530?
False
Is 210 a factor of 4830?
True
Does 194 divide 41322?
True
Does 11 divide 51006?
False
Is 24 a factor of 5256?
True
Is 25 a factor of 15900?
True
Is 12 a factor of 1635?
False
Is 71 a multiple of 4?
False
Is 3174 a multiple of 83?
False
Is 298 a multiple of 27?
False
Is 311 a multiple of 51?
False
Is 420 a multiple of 15?
True
Is 1631 a multiple of 59?
False
Is 13 a factor of 3857?
False
Is 22922 a multiple of 32?
False
Is 28 a factor of 3147?
False
Does 2 divide 168?
True
Is 28 a factor of 20776?
True
Is 20830 a multiple of 185?
False
Does 3 divide 321?
True
Is 4 a factor of 402?
False
Does 18 divide 427?
False
Does 30 divide 239?
False
Is 17 a factor of 765?
True
Is 4434 a multiple of 38?
False
Is 675 a multiple of 135?
True
Does 93 divide 8649?
True
Does 18 divide 690?
False
Does 93 divide 795?
False
Does 33 divide 8481?
True
Is 10248 a multiple of 56?
True
Is 30441 a multiple of 147?
False
Does 5 divide 719?
False
Is 135 a multiple of 27?
True
Is 7012 a multiple of 34?
False
Is 1481 a multiple of 13?
False
Does 114 divide 5244?
True
Is 8 a factor of 1182?
False
Is 47 a factor of 517?
True
Does 33 divide 8326?
False
Is 2473 a multiple of 2?
False
Does 11 divide 1792?
False
Is 69 a factor of 4830?
True
Is 16349 a multiple of 23?
False
Is 4 a factor of 134?
False
Is 81 a factor of 2957?
False
Does 9 divide 5130?
True
Is 6040 a multiple of 31?
False
Is 32034 a multiple of 138?
False
Is 38 a factor of 6840?
True
Is 55 a multiple of 5?
True
Is 9081 a multiple of 12?
False
Is 5976 a multiple of 128?
False
Is 77 a factor of 4479?
False
Is 47 a factor of 893?
True
Is 542 a multiple of 21?
False
Does 18 divide 342?
True
Does 14 divide 98?
True
Is 2772 a multiple of 42?
True
Does 11 divide 1650?
True
Is 1155 a multiple of 21?
True
Is 708 a multiple of 59?
True
Does 54 divide 9288?
True
Is 17 a factor of 748?
True
Does 67 divide 7551?
False
Is 52 a multiple of 13?
True
Is 15 a factor of 4650?
True
Is 72 a factor of 4536?
True
Does 13 divide 9963?
False
Is 21 a factor of 75880?
False
Is 79846 a multiple of 18?
False
Does 41 divide 1763?
True
Is 2924 a multiple of 68?
True
Is 13 a factor of 9853?
False
Is 9101 a multiple of 15?
False
Does 66 divide 1650?
True
Does 47 divide 117?
False
Does 7 divide 73?
False
Is 3116 a multiple of 25?
False
Is 138 a multiple of 27?
False
Is 2057 a multiple of 67?
False
Is 17712 a multiple of 108?
True
Is 24 a factor of 51672?
True
Does 137 divide 11645?
True
Is 13 a factor of 90894?
False
Is 33 a factor of 1360?
False
Is 2687 a multiple of 34?
False
Is 29560 a multiple of 20?
True
Is 461 a multiple of 15?
False
Does 14 divide 9261?
False
Is 14 a factor of 11088?
True
Does 155 divide 16852?
False
Is 13 a factor of 15157?
False
Does 104 divide 16859?
False
Is 7823 a multiple of 3?
False
Is 399 a multiple of 57?
True
Is 28 a factor of 3226?
False
Is 38445 a multiple of 97?
False
Does 110 divide 1836?
False
Is 2758 a multiple of 16?
False
Is 178 a multiple of 4?
False
Is 14107 a multiple of 16?
False
Does 4 divide 556?
True
Does 85 divide 467?
False
Is 29279 a multiple of 23?
True
Does 21 divide 357?
True
Is 3545 a multiple of 53?
False
Is 16 a factor of 15024?
True
Is 21 a factor of 47019?
True
Is 66 a factor of 18514?
False
Is 9121 a multiple of 27?
False
Does 13 divide 828?
False
Does 34 divide 537?
False
Is 11850 a multiple of 158?
True
Is 14274 a multiple of 183?
True
Does 24 divide 148?
False
Is 2451 a multiple of 19?
True
Does 10 divide 8120?
True
Is 1568 a multiple of 14?
True
Is 77 a multiple of 11?
True
Does 24 divide 13776?
True
Is 10 a factor of 1606?
False
Is 33 a factor of 957?
True
Does 94 divide 12742?
False
Is 15 a factor of 210?
True
Is 20596 a multiple of 38?
True
Does 41 divide 3504?
False
Is 517 even?
False
Is 1190 a multiple of 7?
True
Is 22 even?
True
Does 14 divide 842?
False
Does 9 divide 630?
True
Is 28 a factor of 436?
False
Does 32 divide 8751?
False
Does 11 divide 74140?
True
Is 4 a factor of 49?
False
Is 50864 a multiple of 289?
True
Is 82 a factor of 984?
True
Is 5434 a multiple of 31?
False
Does 21 divide 147?
True
Is 14 a factor of 4196?
False
Is 209 a multiple of 5?
False
Is 15 a factor of 1650?
True
Does 45 divide 844?
False
Is 10900 a multiple of 2?
True
Is 56160 a multiple of 6?
True
Is 5 a factor of 2945?
True
Does 12 divide 15903?
False
Is 67 a factor of 7638?
True
Is 15 a factor of 6722?
False
Is 10080 a multiple of 36?
True
Is 22793 a multiple of 23?
True
Is 20 a factor of 11437?
False
Is 572 a multiple of 22?
True
Is 1925 a multiple of 5?
True
Is 53682 a multiple of 23?
True
Is 51 a factor of 14529?
False
Is 169 a factor of 9802?
True
Is 69 a factor of 966?
True
Is 11856 a multiple of 39?
True
Does 32 divide 8325?
False
Is 967 a multiple of 43?
False
Does 41 divide 3936?
True
Is 382 a multiple of 210?
False
Does 13 divide 728?
True
Is 11 a factor of 264?
True
Does 106 divide 13462?
True
Is 2010 a multiple of 15?
True
Is 13 a factor of 4693?
True
Is 9174 a multiple of 11?
True
Does 16 divide 4065?
False
Is 15 a factor of 8297?
False
Does 8 divide 2501?
False
Is 3 a factor of 1218?
True
Is 6 a factor of 540?
True
Is 1135 a multiple of 51?
False
Is 1624 a multiple of 72?
False
Does 27 divide 766?
False
Is 928 a multiple of 116?
True
Is 53 a factor of 1931?
False
Is 79 a factor of 47242?
True
Is 62880 a multiple of 16?
True
Does 14 divide 10290?
True
Does 27 divide 2877?
False
Is 205 a multiple of 39?
False
Does 10 divide 340?
True
Is 5779 a multiple of 151?
False
Is 5952 a multiple of 12?
True
Is 720 a multiple of 36?
True
Does 22 divide 2178?
True
Does 186 divide 18873?
False
Is 11 a factor of 535?
False
Is 29 even?
False
Is 7600 a multiple of 31?
False
Does 9 divide 279?
True
Does 19 divide 1801?
False
Is 15 a factor of 465?
True
Is 1012 a multiple of 36?
False
Is 45 a factor of 4050?
True
Is 58 a factor of 3770?
True
Does 56 divide 4284?
False
Is 7 a factor of 3052?
True
Is 26 a factor of 286?
True
Is 21026 a multiple of 13?
False
Is 25194 a multiple of 13?
True
Is 121 a multiple of 11?
True
Is 8952 a multiple of 24?
True
Does 58 divide 13108?
True
Does 19 divide 162?
False
Does 119 divide 7854?
True
Is 5 a factor of 1190?
True
Does 8 divide 71242?
False
Is 8326 a multiple of 31?
False
Does 44 divide 95072?
False
Does 23 divide 4876?
True
Is 28 a factor of 292?
False
Is 8 a factor of 15018?
False
Does 43 divide 15523?
True
Does 39 divide 17433?
True
Is 28 a factor of 1084?
False
Is 26 a factor of 26?
True
Does 23 divide 2300?
True
Is 42 a factor of 1294?
False
Does 11 divide 3005?
False
Is 207 a multiple of 23?
True
Does 26 divide 18516?
False
Does 13 divide 299?
True
Does 46 divide 207?
False
Is 114 a factor of 2508?
True
Is 3681 a multiple of 3?
True
Is 512 a multiple of 128?
True
Is 42 a factor of 1868?
False
Does 11 divide 13882?
True
Does 15 divide 630?
True
Is 11 a factor of 814?
True
Is 27 a factor of 486?
True
Is 73 a factor of 7957?
True
Does 43 divide 5369?
False
Does 5 divide 810?
True
Is 43 a factor of 33124?
False
Does 25 divide 1500?
True
Does 146 divide 3126?
False
Does 26 divide 572?
True
Is 158 a factor of 1682?
False
Is 5 a factor of 905?
True
Is 99 a factor of 27621?
True
Is 8407 even?
False
Does 21 divide 2846?
False
Is 40 even?
True
Is 929 a multiple of